{"id":618,"date":"2024-07-01T15:50:24","date_gmt":"2024-07-01T15:50:24","guid":{"rendered":"https:\/\/elvelerodeaguilar.es\/?page_id=618"},"modified":"2024-07-03T09:08:57","modified_gmt":"2024-07-03T09:08:57","slug":"compromiso-de-sostenibilidad","status":"publish","type":"page","link":"https:\/\/elvelerodeaguilar.es\/index.php\/compromiso-de-sostenibilidad\/","title":{"rendered":"Compromiso de sostenibilidad"},"content":{"rendered":"\t\t<div data-elementor-type=\"wp-page\" data-elementor-id=\"618\" class=\"elementor elementor-618\">\n\t\t\t\t\t\t<section class=\"elementor-section elementor-top-section elementor-element elementor-element-0625271 elementor-section-boxed elementor-section-height-default elementor-section-height-default\" data-id=\"0625271\" data-element_type=\"section\">\n\t\t\t\t\t\t<div class=\"elementor-container elementor-column-gap-default\">\n\t\t\t\t\t<div class=\"elementor-column elementor-col-100 elementor-top-column elementor-element elementor-element-375bc98\" data-id=\"375bc98\" data-element_type=\"column\">\n\t\t\t<div class=\"elementor-widget-wrap elementor-element-populated\">\n\t\t\t\t\t\t<div class=\"elementor-element elementor-element-3ff062e elementor-widget elementor-widget-text-editor\" data-id=\"3ff062e\" data-element_type=\"widget\" data-widget_type=\"text-editor.default\">\n\t\t\t\t<div class=\"elementor-widget-container\">\n\t\t\t<style>\/*! elementor - v3.22.0 - 26-06-2024 *\/\n.elementor-widget-text-editor.elementor-drop-cap-view-stacked .elementor-drop-cap{background-color:#69727d;color:#fff}.elementor-widget-text-editor.elementor-drop-cap-view-framed .elementor-drop-cap{color:#69727d;border:3px solid;background-color:transparent}.elementor-widget-text-editor:not(.elementor-drop-cap-view-default) .elementor-drop-cap{margin-top:8px}.elementor-widget-text-editor:not(.elementor-drop-cap-view-default) .elementor-drop-cap-letter{width:1em;height:1em}.elementor-widget-text-editor .elementor-drop-cap{float:left;text-align:center;line-height:1;font-size:50px}.elementor-widget-text-editor .elementor-drop-cap-letter{display:inline-block}<\/style>\t\t\t\t<h2 style=\"text-align: center;\">Estamos comprometidos con el medio ambiente y trabajamos por un turismo sostenible.<br \/>Por ellos adoptamos medidas que van en ese sentido.<\/h2>\t\t\t\t\t\t<\/div>\n\t\t\t\t<\/div>\n\t\t\t\t\t<\/div>\n\t\t<\/div>\n\t\t\t\t\t<\/div>\n\t\t<\/section>\n\t\t\t\t<section class=\"elementor-section elementor-top-section elementor-element elementor-element-cf1e861 elementor-section-boxed elementor-section-height-default elementor-section-height-default\" data-id=\"cf1e861\" data-element_type=\"section\">\n\t\t\t\t\t\t<div class=\"elementor-container elementor-column-gap-default\">\n\t\t\t\t\t<div class=\"elementor-column elementor-col-25 elementor-top-column elementor-element elementor-element-74ca9b2\" data-id=\"74ca9b2\" data-element_type=\"column\">\n\t\t\t<div class=\"elementor-widget-wrap elementor-element-populated\">\n\t\t\t\t\t\t<div class=\"elementor-element elementor-element-0764d40 elementor-widget elementor-widget-image\" data-id=\"0764d40\" data-element_type=\"widget\" data-widget_type=\"image.default\">\n\t\t\t\t<div class=\"elementor-widget-container\">\n\t\t\t<style>\/*! elementor - v3.22.0 - 26-06-2024 *\/\n.elementor-widget-image{text-align:center}.elementor-widget-image a{display:inline-block}.elementor-widget-image a img[src$=\".svg\"]{width:48px}.elementor-widget-image img{vertical-align:middle;display:inline-block}<\/style>\t\t\t\t\t\t\t\t\t\t<img fetchpriority=\"high\" decoding=\"async\" width=\"768\" height=\"432\" src=\"https:\/\/elvelerodeaguilar.es\/wp-content\/uploads\/2024\/07\/logo-soyecoturista_alta-768x432.jpg\" class=\"attachment-medium_large size-medium_large wp-image-620\" alt=\"Club Ecoturismo en Espa\u00f1a\" srcset=\"https:\/\/elvelerodeaguilar.es\/wp-content\/uploads\/2024\/07\/logo-soyecoturista_alta-768x432.jpg 768w, https:\/\/elvelerodeaguilar.es\/wp-content\/uploads\/2024\/07\/logo-soyecoturista_alta-300x169.jpg 300w, https:\/\/elvelerodeaguilar.es\/wp-content\/uploads\/2024\/07\/logo-soyecoturista_alta-1024x576.jpg 1024w, https:\/\/elvelerodeaguilar.es\/wp-content\/uploads\/2024\/07\/logo-soyecoturista_alta-1536x864.jpg 1536w, https:\/\/elvelerodeaguilar.es\/wp-content\/uploads\/2024\/07\/logo-soyecoturista_alta-2048x1152.jpg 2048w, https:\/\/elvelerodeaguilar.es\/wp-content\/uploads\/2024\/07\/logo-soyecoturista_alta-800x450.jpg 800w\" sizes=\"(max-width: 768px) 100vw, 768px\" \/>\t\t\t\t\t\t\t\t\t\t\t\t\t<\/div>\n\t\t\t\t<\/div>\n\t\t\t\t\t<\/div>\n\t\t<\/div>\n\t\t\t\t<div class=\"elementor-column elementor-col-25 elementor-top-column elementor-element elementor-element-480cfc9\" data-id=\"480cfc9\" data-element_type=\"column\">\n\t\t\t<div class=\"elementor-widget-wrap elementor-element-populated\">\n\t\t\t\t\t\t<div class=\"elementor-element elementor-element-15d72aa elementor-widget elementor-widget-image\" data-id=\"15d72aa\" data-element_type=\"widget\" data-widget_type=\"image.default\">\n\t\t\t\t<div class=\"elementor-widget-container\">\n\t\t\t\t\t\t\t\t\t\t\t\t\t<img decoding=\"async\" width=\"768\" height=\"363\" src=\"https:\/\/elvelerodeaguilar.es\/wp-content\/uploads\/2024\/07\/ES-Empresa-Colaboradora_transp-768x363.png\" class=\"attachment-medium_large size-medium_large wp-image-639\" alt=\"Europarc Turismo Sostenible en Espacios Protegidos\" srcset=\"https:\/\/elvelerodeaguilar.es\/wp-content\/uploads\/2024\/07\/ES-Empresa-Colaboradora_transp-768x363.png 768w, https:\/\/elvelerodeaguilar.es\/wp-content\/uploads\/2024\/07\/ES-Empresa-Colaboradora_transp-300x142.png 300w, https:\/\/elvelerodeaguilar.es\/wp-content\/uploads\/2024\/07\/ES-Empresa-Colaboradora_transp-1024x484.png 1024w, https:\/\/elvelerodeaguilar.es\/wp-content\/uploads\/2024\/07\/ES-Empresa-Colaboradora_transp.png 1275w\" sizes=\"(max-width: 768px) 100vw, 768px\" \/>\t\t\t\t\t\t\t\t\t\t\t\t\t<\/div>\n\t\t\t\t<\/div>\n\t\t\t\t\t<\/div>\n\t\t<\/div>\n\t\t\t\t<div class=\"elementor-column elementor-col-25 elementor-top-column elementor-element elementor-element-ca93148\" data-id=\"ca93148\" data-element_type=\"column\">\n\t\t\t<div class=\"elementor-widget-wrap elementor-element-populated\">\n\t\t\t\t\t\t<div class=\"elementor-element elementor-element-255fad0 elementor-widget elementor-widget-image\" data-id=\"255fad0\" data-element_type=\"widget\" data-widget_type=\"image.default\">\n\t\t\t\t<div class=\"elementor-widget-container\">\n\t\t\t\t\t\t\t\t\t\t\t\t\t<img decoding=\"async\" width=\"198\" height=\"105\" src=\"https:\/\/elvelerodeaguilar.es\/wp-content\/uploads\/2024\/07\/logo_loras_nuevo-comercial-negro.jpg\" class=\"attachment-medium size-medium wp-image-641\" alt=\"Geoparque LAS LORAS - Unesco Global Geopark\" \/>\t\t\t\t\t\t\t\t\t\t\t\t\t<\/div>\n\t\t\t\t<\/div>\n\t\t\t\t\t<\/div>\n\t\t<\/div>\n\t\t\t\t<div class=\"elementor-column elementor-col-25 elementor-top-column elementor-element elementor-element-0aa901a\" data-id=\"0aa901a\" data-element_type=\"column\">\n\t\t\t<div class=\"elementor-widget-wrap elementor-element-populated\">\n\t\t\t\t\t\t<div class=\"elementor-element elementor-element-2c11e18 elementor-widget elementor-widget-image\" data-id=\"2c11e18\" data-element_type=\"widget\" data-widget_type=\"image.default\">\n\t\t\t\t<div class=\"elementor-widget-container\">\n\t\t\t\t\t\t\t\t\t\t\t\t\t<img loading=\"lazy\" decoding=\"async\" width=\"204\" height=\"192\" src=\"https:\/\/elvelerodeaguilar.es\/wp-content\/uploads\/2024\/07\/trino.png\" class=\"attachment-medium_large size-medium_large wp-image-640\" alt=\"Club de ecoturismo Trino\" \/>\t\t\t\t\t\t\t\t\t\t\t\t\t<\/div>\n\t\t\t\t<\/div>\n\t\t\t\t\t<\/div>\n\t\t<\/div>\n\t\t\t\t\t<\/div>\n\t\t<\/section>\n\t\t\t\t<section class=\"elementor-section elementor-top-section elementor-element elementor-element-b021df3 elementor-section-boxed elementor-section-height-default elementor-section-height-default\" data-id=\"b021df3\" data-element_type=\"section\">\n\t\t\t\t\t\t<div class=\"elementor-container elementor-column-gap-default\">\n\t\t\t\t\t<div class=\"elementor-column elementor-col-100 elementor-top-column elementor-element elementor-element-e15c7f8\" data-id=\"e15c7f8\" data-element_type=\"column\">\n\t\t\t<div class=\"elementor-widget-wrap\">\n\t\t\t\t\t\t\t<\/div>\n\t\t<\/div>\n\t\t\t\t\t<\/div>\n\t\t<\/section>\n\t\t\t\t<section class=\"elementor-section elementor-top-section elementor-element elementor-element-f8504ed elementor-section-boxed elementor-section-height-default elementor-section-height-default\" data-id=\"f8504ed\" data-element_type=\"section\">\n\t\t\t\t\t\t<div class=\"elementor-container elementor-column-gap-default\">\n\t\t\t\t\t<div class=\"elementor-column elementor-col-100 elementor-top-column elementor-element elementor-element-0c64ebe\" data-id=\"0c64ebe\" data-element_type=\"column\">\n\t\t\t<div class=\"elementor-widget-wrap elementor-element-populated\">\n\t\t\t\t\t\t<div class=\"elementor-element elementor-element-02a5def elementor-widget elementor-widget-heading\" data-id=\"02a5def\" data-element_type=\"widget\" data-widget_type=\"heading.default\">\n\t\t\t\t<div class=\"elementor-widget-container\">\n\t\t\t<style>\/*! elementor - v3.22.0 - 26-06-2024 *\/\n.elementor-heading-title{padding:0;margin:0;line-height:1}.elementor-widget-heading .elementor-heading-title[class*=elementor-size-]>a{color:inherit;font-size:inherit;line-height:inherit}.elementor-widget-heading .elementor-heading-title.elementor-size-small{font-size:15px}.elementor-widget-heading .elementor-heading-title.elementor-size-medium{font-size:19px}.elementor-widget-heading .elementor-heading-title.elementor-size-large{font-size:29px}.elementor-widget-heading .elementor-heading-title.elementor-size-xl{font-size:39px}.elementor-widget-heading .elementor-heading-title.elementor-size-xxl{font-size:59px}<\/style><h2 class=\"elementor-heading-title elementor-size-default\">Nuestro compromiso ecoturista:<\/h2>\t\t<\/div>\n\t\t\t\t<\/div>\n\t\t\t\t\t<\/div>\n\t\t<\/div>\n\t\t\t\t\t<\/div>\n\t\t<\/section>\n\t\t\t\t<section class=\"elementor-section elementor-top-section elementor-element elementor-element-99662bf elementor-section-boxed elementor-section-height-default elementor-section-height-default\" data-id=\"99662bf\" data-element_type=\"section\">\n\t\t\t\t\t\t<div class=\"elementor-container elementor-column-gap-default\">\n\t\t\t\t\t<div class=\"elementor-column elementor-col-100 elementor-top-column elementor-element elementor-element-c11fb21\" data-id=\"c11fb21\" data-element_type=\"column\">\n\t\t\t<div class=\"elementor-widget-wrap elementor-element-populated\">\n\t\t\t\t\t\t<div class=\"elementor-element elementor-element-4f7ed7f elementor-widget elementor-widget-text-editor\" data-id=\"4f7ed7f\" data-element_type=\"widget\" data-widget_type=\"text-editor.default\">\n\t\t\t\t<div class=\"elementor-widget-container\">\n\t\t\t\t\t\t\t<p style=\"padding-left: 40px;\">El Velero de Aguilar est\u00e1 comprometido con el medio ambiente y con la conservaci\u00f3n de los recursos naturales y culturales del entorno del embalse.<\/p>\t\t\t\t\t\t<\/div>\n\t\t\t\t<\/div>\n\t\t\t\t\t<\/div>\n\t\t<\/div>\n\t\t\t\t\t<\/div>\n\t\t<\/section>\n\t\t\t\t<section class=\"elementor-section elementor-top-section elementor-element elementor-element-4f730a4 elementor-section-boxed elementor-section-height-default elementor-section-height-default\" data-id=\"4f730a4\" data-element_type=\"section\">\n\t\t\t\t\t\t<div class=\"elementor-container elementor-column-gap-default\">\n\t\t\t\t\t<div class=\"elementor-column elementor-col-100 elementor-top-column elementor-element elementor-element-085370d\" data-id=\"085370d\" data-element_type=\"column\">\n\t\t\t<div class=\"elementor-widget-wrap elementor-element-populated\">\n\t\t\t\t\t\t<div class=\"elementor-element elementor-element-59b5cde elementor-widget elementor-widget-text-editor\" data-id=\"59b5cde\" data-element_type=\"widget\" data-widget_type=\"text-editor.default\">\n\t\t\t\t<div class=\"elementor-widget-container\">\n\t\t\t\t\t\t\t<ul><li style=\"list-style-type: none;\"><ul><li style=\"list-style-type: none;\"><ul><li style=\"list-style-type: none;\"><br \/><ul><li>Estamos adheridos a EUROPARC y a la Carta Europea de Turismo Sostenible en Espacios Naturales Protegidos.<\/li><li>Somos una entidad colaboradora, tanto con el Parque Natural de la Monta\u00f1a Palentina, como con el Geoparque Las Loras y seguimos sus criterios de sostenibilidad.<\/li><li>La actividad se desarrolla con grupos de 4 personas m\u00e1ximo y procuramos la sensibilizaci\u00f3n ambiental, la desestacionalizaci\u00f3n y minimizando el impacto ambiental negativo.<\/li><li>Navegamos a vela siempre que es posible.<\/li><li>Si en la navegaci\u00f3n encontramos basura, no es com\u00fan, la recogemos sistem\u00e1ticamente.<\/li><\/ul><\/li><li style=\"list-style-type: none;\"><ul><li>No interferimos con la fauna en los avistamientos, muy comunes navegando a vela, por el bajo impacto ac\u00fastico.<\/li><li>Con nosotros conocer\u00e1s de forma singular el paisaje, la fauna, la geolog\u00eda y la forma de vida actual y del pasado de la monta\u00f1a.<\/li><li>Mantenemos v\u00ednculos con otras empresas, asociaciones y entidades del territorio para desarrollar estas ideas de sostenibilidad juntos.<\/li><li>Utilizamos productos ecol\u00f3gicos o no t\u00f3xicos para el mantenimiento del barco.<\/li><li>Minimizamos nuestra huella de carbono.<\/li><\/ul><\/li><\/ul><\/li><\/ul><\/li><\/ul>\t\t\t\t\t\t<\/div>\n\t\t\t\t<\/div>\n\t\t\t\t\t<\/div>\n\t\t<\/div>\n\t\t\t\t\t<\/div>\n\t\t<\/section>\n\t\t\t\t<section class=\"elementor-section elementor-top-section elementor-element elementor-element-6289f88 elementor-section-boxed elementor-section-height-default elementor-section-height-default\" data-id=\"6289f88\" data-element_type=\"section\">\n\t\t\t\t\t\t<div class=\"elementor-container elementor-column-gap-default\">\n\t\t\t\t\t<div class=\"elementor-column elementor-col-100 elementor-top-column elementor-element elementor-element-858072b\" data-id=\"858072b\" data-element_type=\"column\">\n\t\t\t<div class=\"elementor-widget-wrap elementor-element-populated\">\n\t\t\t\t\t\t<div class=\"elementor-element elementor-element-bddefdb elementor-widget__width-initial elementor-widget elementor-widget-image\" data-id=\"bddefdb\" data-element_type=\"widget\" data-widget_type=\"image.default\">\n\t\t\t\t<div class=\"elementor-widget-container\">\n\t\t\t\t\t\t\t\t\t\t\t\t\t<img loading=\"lazy\" decoding=\"async\" width=\"768\" height=\"1024\" src=\"https:\/\/elvelerodeaguilar.es\/wp-content\/uploads\/2024\/07\/Foto-de-.-1-768x1024.jpg\" class=\"attachment-large size-large wp-image-659\" alt=\"\" srcset=\"https:\/\/elvelerodeaguilar.es\/wp-content\/uploads\/2024\/07\/Foto-de-.-1-768x1024.jpg 768w, https:\/\/elvelerodeaguilar.es\/wp-content\/uploads\/2024\/07\/Foto-de-.-1-225x300.jpg 225w, https:\/\/elvelerodeaguilar.es\/wp-content\/uploads\/2024\/07\/Foto-de-.-1-1152x1536.jpg 1152w, https:\/\/elvelerodeaguilar.es\/wp-content\/uploads\/2024\/07\/Foto-de-.-1.jpg 1200w\" sizes=\"(max-width: 768px) 100vw, 768px\" \/>\t\t\t\t\t\t\t\t\t\t\t\t\t<\/div>\n\t\t\t\t<\/div>\n\t\t\t\t<div class=\"elementor-element elementor-element-8b79938 elementor-widget__width-initial elementor-widget elementor-widget-image\" data-id=\"8b79938\" data-element_type=\"widget\" data-widget_type=\"image.default\">\n\t\t\t\t<div class=\"elementor-widget-container\">\n\t\t\t\t\t\t\t\t\t\t\t\t\t<img loading=\"lazy\" decoding=\"async\" width=\"766\" height=\"1024\" src=\"https:\/\/elvelerodeaguilar.es\/wp-content\/uploads\/2024\/07\/IMG_20230810_151428-766x1024.jpg\" class=\"attachment-large size-large wp-image-658\" alt=\"\" srcset=\"https:\/\/elvelerodeaguilar.es\/wp-content\/uploads\/2024\/07\/IMG_20230810_151428-766x1024.jpg 766w, https:\/\/elvelerodeaguilar.es\/wp-content\/uploads\/2024\/07\/IMG_20230810_151428-224x300.jpg 224w, https:\/\/elvelerodeaguilar.es\/wp-content\/uploads\/2024\/07\/IMG_20230810_151428-768x1027.jpg 768w, https:\/\/elvelerodeaguilar.es\/wp-content\/uploads\/2024\/07\/IMG_20230810_151428-1149x1536.jpg 1149w, https:\/\/elvelerodeaguilar.es\/wp-content\/uploads\/2024\/07\/IMG_20230810_151428-1532x2048.jpg 1532w, https:\/\/elvelerodeaguilar.es\/wp-content\/uploads\/2024\/07\/IMG_20230810_151428-scaled.jpg 1915w\" sizes=\"(max-width: 766px) 100vw, 766px\" \/>\t\t\t\t\t\t\t\t\t\t\t\t\t<\/div>\n\t\t\t\t<\/div>\n\t\t\t\t<div class=\"elementor-element elementor-element-47387c0 elementor-widget elementor-widget-text-editor\" data-id=\"47387c0\" data-element_type=\"widget\" data-widget_type=\"text-editor.default\">\n\t\t\t\t<div class=\"elementor-widget-container\">\n\t\t\t\t\t\t\t<ul>\n<li style=\"list-style-type: none;\">\n<\/li><ul>\n<li style=\"list-style-type: none;\">\n<\/li><\/ul><\/ul><div><br><\/div><ul><ul><ul>\n<ul>\n\n<li>Si en la navegaci\u00f3n encontramos basura, no es com\u00fan, la recogemos sistem\u00e1ticamente.<\/li>\n<\/ul><li style=\"list-style-type: none;\">\n<\/li>\n<\/ul>\n\n<\/ul>\n\n<\/ul>\t\t\t\t\t\t<\/div>\n\t\t\t\t<\/div>\n\t\t\t\t\t<\/div>\n\t\t<\/div>\n\t\t\t\t\t<\/div>\n\t\t<\/section>\n\t\t\t\t<\/div>\n\t\t","protected":false},"excerpt":{"rendered":"<p>Estamos comprometidos con el medio ambiente y trabajamos por un turismo sostenible.Por ellos adoptamos medidas que van en ese sentido. Nuestro compromiso ecoturista: El Velero de Aguilar est\u00e1 comprometido con el medio ambiente y con la conservaci\u00f3n de los recursos naturales y culturales del entorno del embalse. Estamos adheridos a EUROPARC y a la Carta [&hellip;]<\/p>\n","protected":false},"author":2,"featured_media":0,"parent":0,"menu_order":0,"comment_status":"closed","ping_status":"closed","template":"","meta":{"ocean_post_layout":"","ocean_both_sidebars_style":"","ocean_both_sidebars_content_width":0,"ocean_both_sidebars_sidebars_width":0,"ocean_sidebar":"","ocean_second_sidebar":"","ocean_disable_margins":"enable","ocean_add_body_class":"","ocean_shortcode_before_top_bar":"","ocean_shortcode_after_top_bar":"","ocean_shortcode_before_header":"","ocean_shortcode_after_header":"","ocean_has_shortcode":"","ocean_shortcode_after_title":"","ocean_shortcode_before_footer_widgets":"","ocean_shortcode_after_footer_widgets":"","ocean_shortcode_before_footer_bottom":"","ocean_shortcode_after_footer_bottom":"","ocean_display_top_bar":"default","ocean_display_header":"default","ocean_header_style":"","ocean_center_header_left_menu":"","ocean_custom_header_template":"","ocean_custom_logo":0,"ocean_custom_retina_logo":0,"ocean_custom_logo_max_width":0,"ocean_custom_logo_tablet_max_width":0,"ocean_custom_logo_mobile_max_width":0,"ocean_custom_logo_max_height":0,"ocean_custom_logo_tablet_max_height":0,"ocean_custom_logo_mobile_max_height":0,"ocean_header_custom_menu":"","ocean_menu_typo_font_family":"","ocean_menu_typo_font_subset":"","ocean_menu_typo_font_size":0,"ocean_menu_typo_font_size_tablet":0,"ocean_menu_typo_font_size_mobile":0,"ocean_menu_typo_font_size_unit":"px","ocean_menu_typo_font_weight":"","ocean_menu_typo_font_weight_tablet":"","ocean_menu_typo_font_weight_mobile":"","ocean_menu_typo_transform":"","ocean_menu_typo_transform_tablet":"","ocean_menu_typo_transform_mobile":"","ocean_menu_typo_line_height":0,"ocean_menu_typo_line_height_tablet":0,"ocean_menu_typo_line_height_mobile":0,"ocean_menu_typo_line_height_unit":"","ocean_menu_typo_spacing":0,"ocean_menu_typo_spacing_tablet":0,"ocean_menu_typo_spacing_mobile":0,"ocean_menu_typo_spacing_unit":"","ocean_menu_link_color":"","ocean_menu_link_color_hover":"","ocean_menu_link_color_active":"","ocean_menu_link_background":"","ocean_menu_link_hover_background":"","ocean_menu_link_active_background":"","ocean_menu_social_links_bg":"","ocean_menu_social_hover_links_bg":"","ocean_menu_social_links_color":"","ocean_menu_social_hover_links_color":"","ocean_disable_title":"default","ocean_disable_heading":"default","ocean_post_title":"","ocean_post_subheading":"","ocean_post_title_style":"","ocean_post_title_background_color":"","ocean_post_title_background":0,"ocean_post_title_bg_image_position":"","ocean_post_title_bg_image_attachment":"","ocean_post_title_bg_image_repeat":"","ocean_post_title_bg_image_size":"","ocean_post_title_height":0,"ocean_post_title_bg_overlay":0.5,"ocean_post_title_bg_overlay_color":"","ocean_disable_breadcrumbs":"default","ocean_breadcrumbs_color":"","ocean_breadcrumbs_separator_color":"","ocean_breadcrumbs_links_color":"","ocean_breadcrumbs_links_hover_color":"","ocean_display_footer_widgets":"default","ocean_display_footer_bottom":"default","ocean_custom_footer_template":"","footnotes":""},"class_list":["post-618","page","type-page","status-publish","hentry","entry"],"_links":{"self":[{"href":"https:\/\/elvelerodeaguilar.es\/index.php\/wp-json\/wp\/v2\/pages\/618","targetHints":{"allow":["GET"]}}],"collection":[{"href":"https:\/\/elvelerodeaguilar.es\/index.php\/wp-json\/wp\/v2\/pages"}],"about":[{"href":"https:\/\/elvelerodeaguilar.es\/index.php\/wp-json\/wp\/v2\/types\/page"}],"author":[{"embeddable":true,"href":"https:\/\/elvelerodeaguilar.es\/index.php\/wp-json\/wp\/v2\/users\/2"}],"replies":[{"embeddable":true,"href":"https:\/\/elvelerodeaguilar.es\/index.php\/wp-json\/wp\/v2\/comments?post=618"}],"version-history":[{"count":11,"href":"https:\/\/elvelerodeaguilar.es\/index.php\/wp-json\/wp\/v2\/pages\/618\/revisions"}],"predecessor-version":[{"id":664,"href":"https:\/\/elvelerodeaguilar.es\/index.php\/wp-json\/wp\/v2\/pages\/618\/revisions\/664"}],"wp:attachment":[{"href":"https:\/\/elvelerodeaguilar.es\/index.php\/wp-json\/wp\/v2\/media?parent=618"}],"curies":[{"name":"wp","href":"https:\/\/api.w.org\/{rel}","templated":true}]}}